4).
-35
Let u(r) = 49*r - 122. Calculate u(-2).
-220
Let g(n) = n**2 + 15*n - 152. Calculate g(-25).
98
Let i(g) = 6*g**2 + 31*g - 114. What is i(3)?
33
Let w(l) = -12*l**3 + 5*l**2 - 29*l. What is w(3)?
-366
Let v(o) = -7*o**2 - 14*o + 18. What is v(2)?
-38
Let u(z) = 13*z - 474. What is u(38)?
20
Let v(o) = o**3 + 233*o**2 + 36*o + 8383. Give v(-233).
-5
Let c(o) = 95*o - 2203. Determine c(21).
-208
Let g(j) = -j**2 - 66*j - 1043. Calculate g(-43).
-54
Let w(b) = 3*b**3 - 62*b**2 - 93*b + 50. What is w(22)?
-60
Let t(n) = -270*n - 1918. Calculate t(-7).
-28
Let b(y) = 15*y - 42. Give b(0).
-42
Let k(u) = -17*u**2 + 376*u - 41. Calculate k(22).
3
Let i(b) = -182*b - 2970. Give i(-16).
-58
Let m(v) = -3*v**2 - 27*v + 7. Give m(-5).
67
Let b(r) = 6*r**2 - 71*r + 89. What is b(12)?
101
Let f(w) = -w**2 + 523*w - 8605. What is f(17)?
-3
Let q(u) = 185*u + 1240. Determine q(-8).
-240
Let a(m) = m**2 + 13*m + 10. Calculate a(-15).
40
Let k(z) = 2*z**2 - 87*z - 269. Determine k(-3).
10
Let a(l) = 87*l + 704. What is a(-12)?
-340
Let x(g) = 664*g + 666. Calculate x(-1).
2
Let l(v) = -118*v + 2477. What is l(21)?
-1
Let u(v) = -6*v**3 + 937*v**2 - 1087*v + 331. Calculate u(155).
21
Let h(r) = -10*r**3 - 13*r**2 - 14*r - 12. Determine h(-3).
183
Let l(i) = 3*i**3 - 13*i**2 + 2*i + 9. Give l(4).
1
Let q(r) = r**3 - 16*r**2 + 39*r - 621. Give q(16).
3
Let y(f) = 135*f + 1716. Determine y(-12).
96
Let z(n) = 176*n - 13. Calculate z(1).
163
Let a(y) = y**3 + 6*y**2 - 24*y + 26. Determine a(-9).
-1
Let q(u) = u**3 - 25*u**2 - 79*u + 1952. Determine q(25).
-23
Let w(l) = 22*l**2 + 49*l - 8. Give w(-6).
490
Let f(c) = c**3 - 122*c**2 + 1116*c + 48. Determine f(10).
8
Let r(i) = -355*i - 5688. Give r(-16).
-8
Let z(t) = -t**3 - 27*t**2 - 168*t + 17. What is z(-9)?
71
Let c(p) = p**3 - 14*p**2 + 59*p - 44. Give c(5).
26
Let a(m) = -m**3 + 9*m**2 + 8*m - 26. Determine a(10).
-46
Let j(g) = -g**3 + 41*g**2 - 89*g + 410. What is j(39)?
-19
Let m(k) = 10*k - 42. Determine m(5).
8
Let v(u) = -u**2 - 35*u + 11. Give v(-39).
-145
Let r(b) = 2*b - 224. Determine r(111).
-2
Let o(u) = -101*u - 2654. Give o(-27).
73
Let c(h) = -8*h - 203. Give c(-27).
13
Let i(v) = -4*v**2 - 137*v + 102. What is i(-35)?
-3
Let v(y) = -10*y + 187. Calculate v(38).
-193
Let g(h) = 2*h**3 - 32*h**2 + 60*h + 43. What is g(14)?
99
Let b(x) = -x**2 + 17*x + 210. Determine b(-8).
10
Let o(m) = 407*m + 6104. Determine o(-15).
-1
Let p(s) = -s**2 + 50*s + 3837. Determine p(-40).
237
Let j(t) = -t**3 - 7*t**2 + 47*t + 32. Determine j(-11).
-1
Let h(l) = 4*l**3 + 5*l**2 + 42*l - 46. What is h(1)?
5
Let l(d) = 124*d + 2591. What is l(-21)?
-13
Let x(r) = 161*r - 1498. Calculate x(5).
-693
Let n(a) = 251*a + 2006. Calculate n(-8).
-2
Let p(x) = -4*x**3 + x - 10. Give p(-4).
242
Let o(b) = -2*b**3 - 58*b**2 + 6*b - 110. Give o(-29).
-284
Let b(l) = 10*l**2 - 43*l - 97. What is b(6)?
5
Let q(o) = -55*o + 947. Calculate q(17).
12
Let a(l) = 2*l**2 - 2*l - 29. Calculate a(5).
11
Let f(z) = 535*z + 24013. Give f(-45).
-62
Let d(f) = -4*f**3 - 13*f**2 + 280*f + 853. Determine d(-3).
4
Let y(h) = h**2 + 74*h - 4412. Determine y(-113).
-5
Let g(w) = -918*w - 39471. Calculate g(-43).
3
Let n(m) = 844*m - 12676. What is n(15)?
-16
Let v(j) = 3*j**3 - 6*j**2 - j - 7. Give v(3).
17
Let f(s) = -5*s**2 + 16*s + 3. Give f(3).
6
Let s(z) = -6*z**2 - 756*z + 3118. Determine s(4).
-2
Let p(x) = -949*x - 7634. Calculate p(-8).
-42
Let r(y) = -13*y**2 + 103*y + 19. What is r(8)?
11
Let f(s) = s**2 - 90*s - 827. Give f(98).
-43
Let t(q) = q**2 - 89*q - 423. What is t(94)?
47
Let t(q) = 123*q + 5172. Determine t(-42).
6
Let j(v) = -v**3 - 18*v**2 - 14*v - 669. What is j(-19)?
-42
Let u(o) = 3*o**2 - 179*o + 515. Give u(3).
5
Let d(j) = j**3 - 44*j**2 + 3*j - 163. What is d(44)?
-31
Let t(v) = -v**3 - 9*v**2 + 21*v - 7. Calculate t(-8).
-239
Let t(h) = -609*h - 3152. Calculate t(-6).
502
Let i(f) = 2*f**3 + 61*f**2 + 39*f + 113. What is i(-30)?
-157
Let d(u) = u**3 - 121*u**2 + 237*u + 89. Determine d(119).
-30
Let l(q) = 14*q + 784. Give l(-60).
-56
Let v(p) = 2*p**3 + 43*p**2 - 39*p + 32. Give v(-22).
406
Let l(w) = 52*w + 64. What is l(-3)?
-92
Let q(m) = m**3 - 3*m**2 - 36*m + 19. Calculate q(6).
-89
Let k(z) = -95*z - 1892. What is k(-20)?
8
Let a(d) = -39*d**2 - 327*d + 241. What is a(-9)?
25
Let l(s) = -2*s**3 - 23*s**2 - 46*s - 2. Determine l(-9).
7
Let n(t) = 37*t - 1153. Determine n(22).
-339
Let s(j) = -2*j**2 - 177*j - 202. What is s(-87)?
59
Let d(l) = 2*l**3 + 50*l**2 + 39*l - 318. Calculate d(-24).
-102
Let v(r) = 2*r**2 - 25*r - 176. Give v(-7).
97
Let x(n) = n**3 - 37*n**2 + 38*n - 135. What is x(36)?
-63
Let r(k) = k**3 + 5*k**2 - 38*k - 125. Calculate r(-8).
-13
Let j(i) = -52*i - 6106. Determine j(-118).
30
Let v(t) = -t**3 - 59*t**2 - 248*t - 18478. Determine v(-60).
2
Let r(h) = h**3 + 23*h**2 + 10*h - 52. Calculate r(-23).
-282
Let b(r) = 22*r + 189. Determine b(-16).
-163
Let d(g) = -42*g + 5334. What is d(127)?
0
Let k(f) = -74*f + 1536. Give k(20).
56
Let i(j) = 108*j - 1018. What is i(10)?
62
Let z(g) = 21*g**2 - 63*g + 63. Give z(1).
21
Let s(u) = -u**3 - 51*u**2 - 44*u + 260. Calculate s(-50).
-40
Let m(h) = -h**3 + 4*h**2 + 29*h - 91. Calculate m(6).
11
Let t(x) = 398*x - 3151. Give t(7).
-365
Let i(c) = -12*c**3 + 1185*c**2 + 302*c - 493. What is i(99)?
2
Let r(d) = -d**3 - 34*d**2 - 192*d - 49. Determine r(-27).
32
Let l(i) = 775*i + 770. What is l(-1)?
-5
Let w(l) = 54*l + 65. Give w(0).
65
Let p(y) = -2*y**3 + 127*y**2 + 1063*y - 91. What is p(71)?
-233
Let l(k) = -13*k**3 + 2*k**2 + 6*k - 3. Give l(3).
-318
Let s(g) = -6*g**2 + 49*g - 92. What is s(8)?
-84
Let o(g) = 3*g**2 - 2*g - 21. Give o(8).
155
Let z(r) = -109*r - 1419. Determine z(-13).
-2
Let g(b) = -b**2 - 25*b + 383. What is g(-38)?
-111
Let x(v) = -v**2 - 33*v + 420. Give x(-43).
-10
Let w(j) = 11*j**3 - 88*j**2 + 137*j - 1099. What is w(8)?
-3
Let m(w) = -w**3 - 4*w**2 + 48*w + 16. Calculate m(-9).
-11
Let w(g) = -g**3 - 32*g**2 - 9*g + 324. What is w(-31)?
-358
Let o(d) = d**2 - 51*d + 109. Determine o(53).
215
Let i(r) = r**3 - 8*r**2 - 115*r - 208. Determine i(0).
-208
Let y(u) = u**2 + 130*u + 753. Calculate y(-6).
9
Let f(v) = 3*v - 68. Determine f(21).
-5
Let a(v) = 569*v - 7939. Give a(14).
27
Let o(h) = -48*h**2 - 24*h + 1. Give o(-2).
-143
Let t(w) = 4*w - 40. Calculate t(4).
-24
Let t(h) = 6*h**3 + 130*h**2 - 48*h - 40. Give t(-22).
48
Let b(h) = -h**3 - 9*h**2 + 93*h + 9. Give b(-16).
313
Let b(f) = 2*f**3 + 135*f**2 + 1195*f - 128. Determine b(-57).
-14
Let n(z) = -z**3 + 40*z**2 - 44*z - 3. Give n(39).
-198
Let m(w) = 2*w**3 - 25*w**2 - 2*w - 134. Determine m(13).
9
Let g(x) = -272*x + 733. Determine g(3).
-83
Let g(i) = i**3 - 12*i**2 + 12*i - 129. Calculate g(11).
-118
Let r(a) = -3*a**3 - 12*a**2 + 19*a - 39. Give r(3).
-171
Let v(i) = -51*i - 317. Determine v(-6).
-11
Let n(y) = 71*y - 69. What is n(3)?
144
Let b(x) = -x**3 + 15*x**2 - 61*x + 66. Determine b(8).
26
Let g(b) = -261*b**2 - 8*b - 9. What is g(-1)?
-262
Let m(b) = -b**3 - 9*b**2 + 448*b + 1187. Give m(-25).
-13
Let t(r) = -2*r**3 - 12*r**2 - 5*r - 11. What is t(-5)?
-36
Let m(x) = 2*x**2 - 6*x - 19. Determine m(-4).
37
Let y(x) = 159*x + 5546. Calculate y(-35).
-19
Let h(v) = 2341*v - 2342. What is h(1)?
-1
Let r(c) = 170*c + 1761. What is r(-11)?
-109
Let r(g) = 2*g**2 - 26*g - 159. What is r(-5)?
21
Let n(c) = -2*c**2 - 187*c - 630. What is n(-90)?
0
Let u(o) = -o**3 - 10*o**2 + 21*o + 145. Give u(-9).
-125
Let c(s) = s**3 - 20*s**2 - 43*s + 52. What is c(22)?
74
Let x(k) = -2065*k + 12376. Calculate x(6).
-14
Let c(x) = -5668*x + 17001. What is c(3)?
-3
Let m(d) = -4*d**3 + 55*d**2 + 15*d + 16. What is m(14)?
30
Let v(l) = -9*l + 43. Give v(19).
-128
Let s(k) = 4*k**2 + 15*k + 84. Determine s(-7).
175
Let d(z) = 6*z**3 - 4*z**2 + 10*z - 4. Calculate d(3).
152
Let n(h) = 20*h + 29. Give n(-2).
-11
Let h(c) = 10*c**2 + 46*c + 40. Calculate h(-4).
16
Let m(u) = 4*u**2 + 64*u - 46. Give m(-17).
22
Let l(r) = -r**3 - 30*r**2 + r + 859. Give l(-29).
-11
Let i(v) = -v**3 - 37*v**2 - 3035. Give i(-39).
7
Let c(n) = 4*n - 80. What is c(29)?
36
Let n(p) = p**3 - 4*p**2 - 2*p + 58. Calculate n(0).
58
Let u(b) = b**3 - 8*b**2 - 52. Give u(10).
148
Let